 - 7*i. Let r(o) = o**3 - 2*o**2 + 1. Let f be r(2). Suppose q - 3 - f = -5*s, -3*q - 5*s = -2. Give k(q).
7
Let o be 5/5*1*6. Suppose -2*i - o = -5*q + 2*i, 0 = 4*q + 4*i + 24. Let b(x) = 1. Let p(u) = -4*u + 3. Let s(c) = -6*b(c) + p(c). Calculate s(q).
5
Let z = -30 - -29. Let u(j) = -13*j**2 + j + 1. What is u(z)?
-13
Let o(v) = -v**2 + v + 1. Let l be 3/(-9) + (-96)/9. Let k = l - -13. Give o(k).
-1
Let f(x) = 1. Let u(w) = -w - 3. Let y(b) = -f(b) - u(b). Calculate y(7).
9
Suppose -3*v = -j - 0 - 1, 0 = 4*j - 4*v - 4. Let n(a) be the second derivative of a**4/12 + a**3/6 + 4*a. Calculate n(j).
6
Let f(x) = -x**2 + 7 - 3*x + 4*x - 6 + 5*x. What is f(6)?
1
Suppose 2*k + 2*k - 3*b = -3, 0 = -k - 5*b + 28. Let d(l) = 4*l**2 + 4 - 2 - l**k - 2 - 5. Let w be ((-8)/10)/(2/(-10)). Determine d(w).
-5
Let s(j) be the first derivative of -1/3*j**3 + 4*j - 3 - 5/2*j**2. Give s(-5).
4
Suppose -3*z + 3*y + y = 22, -3*y + 3 = 0. Let i(t) = t**3 + 7*t**2 + 6*t. Let q be i(z). Let r(n) = n**3 + n**2 + n + 4. What is r(q)?
4
Let t(r) be the third derivative of -r**4/24 - 4*r**3/3 - 5*r**2. Determine t(0).
-8
Let i(g) = -5*g**3 + 13*g**2 - 6*g + 8. Let r(k) = k**3 - k**2 - k. Let j(s) = i(s) + 4*r(s). Determine j(8).
-8
Let o be ((-5)/2)/((-7)/14). Suppose 0*i = i - o. Let d(k) = -k**3 + 4*k**2 + 6*k - 4. Determine d(i).
1
Let i be ((-1)/(-3))/(2/6). Suppose -q = -0*q - i. Let p(t) = 2*t - 1. Let h(y) = 7*y - 3. Let u(c) = 6*h(c) - 17*p(c). Calculate u(q).
7
Let w(h) = -h**3 - 3*h**2 + 6*h + 3. Let b be w(-4). Let c(f) = -f - f + 89 + f**3 - 93 + 5*f**2. Determine c(b).
6
Let h(q) = -q + 4. Suppose 4*o - 17 = -1. Let f(i) = 3*i**2 - i**3 - 5*i + 2*i + o + 0. Let u be f(3). What is h(u)?
9
Suppose m + 0*z = 3*z, 3*m = -z + 10. Suppose 2*d + 2 = -3*n, -5*d + n - 28 = -m*n. Let v(s) be the first derivative of -s**3/3 - 3*s**2/2 + 3*s - 3. Give v(d).
-1
Suppose -4*o - 2*r = -4, o + r - 8 = 4*r. Suppose o*c + 10 = 4*c. Suppose -c*g + g - 4 = 0. Let m(x) = -2*x**2 + x. Determine m(g).
-3
Suppose 0 = 5*d - 35 + 10. Let f = 3 - -2. Let b(w) = -1 + f + 0 - w. Give b(d).
-1
Let d(k) = 7*k**2 + 8*k - 14. Let j(v) be the third derivative of -v**5/30 - v**4/8 + 5*v**3/6 - v**2. Let z(q) = 4*d(q) + 11*j(q). What is z(-1)?
6
Let l(h) = 9*h + 5*h**2 - 9 + 19 - 4*h**2. Calculate l(-7).
-4
Let f(a) = -a + 1. Let l be f(5). Let x(v) be the first derivative of 1/2*v**2 - 2*v + 2. Calculate x(l).
-6
Let t(p) = p**2 - 7*p - 5. Let z be (-5 + -3)/(5 + -6). What is t(z)?
3
Let s(z) = -z**2 - z + 1. Let j = 12 - 10. Suppose j*p + 4 = -2*n, 3*p = -2*n + 4*p - 1. Let l(t) = -5*t + 1. Let v(a) = n*l(a) + 2*s(a). Calculate v(3).
-8
Let q = 0 + 0. Suppose q = 2*a + 4 - 14. Let o(r) be the second derivative of r**4/12 - 5*r**3/6 + 2*r**2 - 4*r. Give o(a).
4
Let i = 17 + -11. Let c(h) = -3 + 6*h + 6*h + 2 - i*h. Determine c(1).
5
Let p(j) = 2 - 9 - 1 + j - 2*j. Determine p(9).
-17
Let w(x) = -3*x**2 - 2*x + 5. Let l(m) = 10*m**2 + 7*m - 14. Suppose 4 = -2*s - 0. Let i(c) = s*l(c) - 7*w(c). Give i(0).
-7
Let v(o) = o**2 + 3*o + 4. Let x be v(-3). Let i be (-8)/(-3)*(-6)/x. Let z(g) = g + 7. What is z(i)?
3
Let c(n) be the third derivative of 0*n + 1/24*n**4 + 0 + 8*n**2 + 5/6*n**3. Calculate c(0).
5
Let y be 102*(-2 - (-3)/3). Let k be 1/(-3) - y/(-18). Let w(u) = -u**3 - 7*u**2 - 6*u + 8. What is w(k)?
8
Let c(l) = 4*l - 11. Let f(v) = 5*v - 11. Let p be 1*(-3 + 3 + 3). Let n(g) = p*f(g) - 4*c(g). Calculate n(0).
11
Let y(t) = -2*t**2 + 2*t + 7. Let u be y(-2). Let r(j) = -2*j - 6. Calculate r(u).
4
Suppose -5*u + 40 = -2*u + 5*q, 12 = 2*u - 4*q. Let o = u + -6. Let s(m) = -2 + 0*m + o + 2*m - m**2. Calculate s(2).
2
Let u(h) = -5*h + 2*h + h - h**2 - 3. Let f = -2 + -1. Give u(f).
-6
Let k = 43/3 - 14. Let a(r) be the first derivative of 0*r - 1/2*r**2 - 7/4*r**4 + 2 - k*r**3. Give a(-1).
7
Let o be 1 + (1 - 2) - -3. Let s be o/6 + (-22)/4. Let h(y) = y**3 + 5*y**2 + y + 7. Calculate h(s).
2
Let i(l) = 3*l - 1. Let o(p) = -1. Let z(j) = -i(j) - o(j). Give z(2).
-4
Let v(c) = -7*c**3 + 6*c**2 + 7*c + 6. Let j(p) = p**2 + p + 1. Let i(d) = 6*j(d) - v(d). Let t(f) = f**3 - 4*f**2 - 6*f + 6. Let z be t(5). Give i(z).
6
Let g(w) = 8*w - 7. Let k(c) = 9*c - 8. Let m(y) = 6*g(y) - 5*k(y). Let i = -1 - -3. Give m(i).
4
Let r(g) be the second derivative of -g**6/720 + 3*g**5/40 - g**4/12 + 3*g. Let n(z) be the third derivative of r(z). Give n(6).
3
Let w(c) = -c**3 + 7*c**2 + 5*c + 4. Let n(v) = v**3 - 6*v**2 - 4*v - 3. Let r(g) = 5*n(g) + 4*w(g). Let q be (0 - -1)*-2 + 5. What is r(q)?
10
Suppose -4*b = -1468 + 1488. Let d(r) be the second derivative of -r**5/20 - r**4/3 + 7*r**3/6 + 2*r**2 - r. Calculate d(b).
-6
Suppose -246 = -d - x, 0*d + d - 236 = x. Let q(g) = -240*g + 4 - 6 + d*g. Let j(y) = y - 1. Let u be j(5). Give q(u).
2
Let l(g) = 88*g - g**3 - 87*g + 2*g**3 - 2*g**2 - 7*g**3. Determine l(1).
-7
Suppose -3*b - 64 = 8. Let j be 1/(-3 + b/(-9)). Let s(q) be the first derivative of q**4/4 + 4*q**3/3 + 3*q**2/2 - 3*q - 1. What is s(j)?
-3
Let x be ((-5)/3)/((-3)/9). Let q(h) = h**3 - 5*h**2 - h + 5. Calculate q(x).
0
Let b(s) be the first derivative of 9*s**4/4 - 2*s**3/3 + s + 7. Let r(d) = d**2 + d + 1. Let m be r(0). Determine b(m).
8
Let y(x) = -x**2 - 6*x + 3. Let a(d) = 3*d**2 + 12*d - 7. Let j = -7 + 2. Let m(l) = j*y(l) - 2*a(l). Calculate m(4).
7
Let k be -1 + 1 + -1 + 1. Let i(o) be the second derivative of -1/2*o**2 + 0 + 1/6*o**3 + 2*o. Determine i(k).
-1
Let b be ((-4)/(-6))/((-2)/12). Let y(n) be the third derivative of n**2 + 2/3*n**3 + 1/24*n**4 - 1/120*n**6 + 0*n + 0 - 1/15*n**5. Determine y(b).
0
Suppose i + 12 = 3*m, -i - m + 3 = -1. Let b(n) = 4*n + i*n - n - 1. Suppose -3*q - h = -5 - 3, 4*h = 20. Calculate b(q).
2
Let f(i) = -7*i**2 + 2*i. Let m be -5 + 1 + (-3 - -5). Let a(y) = 6*y**2 - 3*y. Let w(b) = m*a(b) - 3*f(b). Calculate w(-1).
9
Let k(b) = -2*b**2 + b - 11. Let v(x) = x**2 + 4. Let c(l) = 3*k(l) + 8*v(l). Determine c(-3).
8
Let f be 3/((-38)/22 - -2). Let h(p) = -5*p**3 - 5*p**2 + 5*p + 10. Let l(s) = -9*s**3 - 10*s**2 + 9*s + 19. Let r(k) = f*h(k) - 6*l(k). What is r(5)?
1
Let q be 1*-2 - (-10 + 6). Let x(u) = 3 - 16*u**q + 8*u**2 - u**3 - u + 11*u**2. What is x(3)?
0
Let x(a) = a**2 - a. Let u = -5 - -7. Let n = -3 + u. What is x(n)?
2
Let x(r) = 0*r**2 - 2*r**2 + 9*r + 3*r**2 + 3 + 7*r**3. Let h(f) = 15*f**3 + 3*f**2 + 19*f + 7. Let g(a) = 6*h(a) - 13*x(a). What is g(4)?
7
Let f(w) = 5*w**2 + 2*w - 3. Let u(x) = -6*x**2 - 2*x + 4. Let k(i) = 5*f(i) + 4*u(i). Let c(y) = -y + 1. Let m be c(3). Give k(m).
1
Let k(w) = w - 12. Let o be k(6). Let v be 2/2 + o/(-3). Let t(u) = -4*u - 4. Let x(l) = l + 1. Let b(d) = -t(d) - 3*x(d). What is b(v)?
4
Suppose 9*w = -0 - 9. Let u(f) be the third derivative of -f**4/24 + f**2. Calculate u(w).
1
Let f be ((-1)/(1/(-3)))/(-1). Let z be (0/(-1))/f - -5. Let u(d) = -d + 5. What is u(z)?
0
Let h(v) = -v**2 + 3*v - 2. Suppose -3*x = -2*q - 16, 5*x + 6*q + 10 = 2*q. Let l be h(x). Let t(u) = u**2 + u - 2. What is t(l)?
-2
Let k = -29 + 26. Let g(u) = -3*u - 3. Calculate g(k).
6
Let r(o) = 4*o + 8. Let q(t) = -9*t - 17. Let f(y) = 3*q(y) + 7*r(y). Calculate f(4).
9
Let u be (-1 - 1)*(-5)/2. Let k(n) = n**2 - 4*n - 3. Let w be k(u). Let c(y) = 2*y - w*y + 7*y**2 - y. Determine c(1).
6
Let a(t) = 1 + 0*t - 2 + 3*t - 4*t. Let d be a(3). Let s(x) = 3*x - 1. Let c(u) = 8*u - 4. Let g(j) = -4*c(j) + 11*s(j). Calculate g(d).
1
Let b(v) = -2 + 2*v + 3*v + 1 + v**2 + 2. Suppose k = 1 + 4. Suppose -m = -2*p + k, m + 6 = -4*p + 1. What is b(m)?
1
Let x be (2/4)/(4/16). Let s be 0/5 + (4 - -1). Suppose r + 13 = s*k, -x*k + 9 = -5*r - 10. Let u(n) = n + 2. What is u(r)?
-1
Let m(t) = t**3 + t**2 - 5*t + 4. Let k(g) = -g**3 - g**2 + 4*g - 4. Let s(v) = 6*k(v) + 5*m(v). Let f(j) = j**2 + 7*j - 8. Let z be f(-8). What is s(z)?
-4
Let x(z) = -2*z - 42. Let v(j) = j + 17. Let a(t) = 12*v(t) + 5*x(t). Give a(4).
2
Let z(r) = 5*r**2 + 5*r - 4. Let k(i) = 11*i**2 + 11*i - 9. Let v(y) = -4*k(y) + 9*z(y). Determine v(-1).
0
Let d(m) = -4*m**2 - m - 1. Suppose -2*g - o = -8, -3*g + 14 = -0*g + o. Let a be 40/(-12)*g/2. Let r(b) = b**3 + 11*b**2 + 9*b - 11. Let h be r(a). Give d(h).
-4
Suppose 1 + 2 = 3*p, 0 = 3*g + p - 49. Let m = g + -11. 